se 9, what is 110 - -204?
314
In base 13, what is 2 - 194?
-192
In base 15, what is 3da5 + 1?
3da6
In base 5, what is 34244 - -2?
34301
In base 15, what is -5 + 27c?
277
In base 14, what is -3 - -220?
21b
In base 2, what is 100 + -11010101010?
-11010100110
In base 10, what is 4 - -45?
49
In base 8, what is -5 - 741?
-746
In base 12, what is 253a0 + -2?
2539a
In base 15, what is -28 + -76?
-9e
In base 15, what is -9 - 18?
-22
In base 6, what is -5333 + -1?
-5334
In base 10, what is 7 + -460?
-453
In base 9, what is -7 - -2257?
2250
In base 8, what is 22 - -17?
41
In base 9, what is 12 - 18?
-6
In base 10, what is 23 - -402?
425
In base 9, what is 28 + 3?
32
In base 10, what is 5 - -11?
16
In base 12, what is -154 + -3?
-157
In base 9, what is 21424 - -1?
21425
In base 10, what is -149 - 5?
-154
In base 7, what is -140000 + 0?
-140000
In base 10, what is -3 - -89?
86
In base 5, what is 2 + 1321?
1323
In base 15, what is 2b28 - 4?
2b24
In base 2, what is 1 + -1011?
-1010
In base 5, what is -14 - 14?
-33
In base 12, what is -7 + 6?
-1
In base 6, what is 4 + -20042?
-20034
In base 4, what is -3 - 3?
-12
In base 7, what is 203 - -10?
213
In base 11, what is 0 + 177?
177
In base 9, what is 6332 - -5?
6337
In base 14, what is -ca74 + 4?
-ca70
In base 13, what is 14 + 2?
16
In base 4, what is -11 + -21?
-32
In base 16, what is 42 + 3?
45
In base 16, what is -c - -6?
-6
In base 7, what is -13155 - -4?
-13151
In base 13, what is -54 + -2a?
-81
In base 8, what is 15 + -4210?
-4173
In base 9, what is 403 - 7?
385
In base 9, what is 6 - 10010?
-10003
In base 7, what is -1610 - 4?
-1614
In base 14, what is -4 - -6d?
69
In base 6, what is -15 - -22?
3
In base 7, what is 215 - -14?
232
In base 2, what is -10010011010 + 101?
-10010010101
In base 4, what is -32 + -2230?
-2322
In base 4, what is 113 + -20?
33
In base 5, what is -40130 - -4?
-40121
In base 13, what is 23 - 8?
18
In base 5, what is -1310 + 0?
-1310
In base 10, what is 1 + 592?
593
In base 11, what is -7 - -76?
6a
In base 7, what is -4 - 245?
-252
In base 9, what is -1063 - 2?
-1065
In base 16, what is -c1 - -d?
-b4
In base 10, what is 298 + -2?
296
In base 12, what is 5 + 812?
817
In base 7, what is 31 + -4?
24
In base 9, what is 0 + 2605?
2605
In base 10, what is 419 + -2?
417
In base 13, what is 5 + 37?
3c
In base 15, what is 99 + -19?
80
In base 14, what is d - ba?
-ab
In base 13, what is 9 + 231?
23a
In base 3, what is -12122020 - -2?
-12122011
In base 6, what is 200 - -10?
210
In base 7, what is -2051 + -3?
-2054
In base 10, what is 37 + 4?
41
In base 16, what is -f3 + -18?
-10b
In base 13, what is -33 - 1?
-34
In base 2, what is -10 - -11101101?
11101011
In base 13, what is 421 - -11?
432
In base 2, what is 1100 + -11?
1001
In base 6, what is 25 - -21?
50
In base 13, what is -4 - 1384?
-1388
In base 15, what is 2 - -6?
8
In base 6, what is 0 + -22552?
-22552
In base 5, what is -10 - 22131?
-22141
In base 16, what is -2 - 18c?
-18e
In base 14, what is -786 + 4?
-782
In base 9, what is -164 - 3?
-167
In base 15, what is -11 - -b?
-5
In base 14, what is 1794 - -5?
1799
In base 8, what is -61 - 7?
-70
In base 11, what is -5 + -37?
-41
In base 9, what is -4 - 18?
-23
In base 6, what is -3 - 1233?
-1240
In base 2, what is 10011001 + -10?
10010111
In base 11, what is -5 - -505?
500
In base 2, what is -11 + 110000?
101101
In base 12, what is 7 - 514?
-509
In base 13, what is 4 - 166?
-162
In base 13, what is b - 1?
a
In base 15, what is 2 + -409?
-407
In base 16, what is 2 + 2fa?
2fc
In base 5, what is 4413 + -3?
4410
In base 6, what is -1334 + 5?
-1325
In base 10, what is 0 + 258?
258
In base 5, what is -124 + 12?
-112
In base 12, what is 28 - -a?
36
In base 16, what is 0 - fc9?
-fc9
In base 13, what is -1 + 1a25?
1a24
In base 8, what is 2 - 2?
0
In base 8, what is 0 + 137?
137
In base 10, what is 35 + 114?
149
In base 15, what is e + 25?
34
In base 4, what is 32 + 312?
1010
In base 11, what is -72 + 0?
-72
In base 14, what is -7 + 7?
0
In base 13, what is -a26 - -5?
-a21
In base 9, what is -5 - -78?
73
In base 8, what is -1 - -317?
316
In base 13, what is -4 - -10?
9
In base 15, what is 31 + 193?
1c4
In base 4, what is 3 - -202?
211
In base 8, what is 37060 - 4?
37054
In base 14, what is d5 + -1?
d4
In base 14, what is 3 + -1?
2
In base 4, what is 3121 - -1032?
10213
In base 7, what is -646 - 5?
-654
In base 4, what is 10 + 110?
120
In base 15, what is -2d4c - 5?
-2d52
In base 5, what is 2 + -13?
-11
In base 9, what is 4 - -76?
81
In base 5, what is -10 - 213?
-223
In base 4, what is 1332 - 11?
1321
In base 15, what is 8 + -1e?
-16
In base 2, what is -111101 - 11?
-1000000
In base 11, what is -407 + 3?
-404
In base 13, what is 711 + 2?
713
In base 10, what is 498 - 5?
493
In base 2, what is -10111111 - 111?
-11000110
In base 11, what is -4187 - -1?
-4186
In base 2, what is 10001 + -101?
1100
In base 7, what is 100 - 0?
100
In base 4, what is 111 - -313?
1030
In base 5, what is -40 + -10?
-100
In base 15, what is 4 - 50?
-4b
In base 9, what is 677 - 16?
661
In base 6, what is -4 - -13?
5
In base 8, what is -2 + -73?
-75
In base 10, what is -1186 + 19?
-1167
In base 7, what is -1 - -364?
363
In base 3, what is -10 - -1121100?
1121020
In base 6, what is 433 - 2?
431
In base 11, what is -18a + 62?
-128
In base 5, what is 2431204 - 4?
2431200
In base 16, what is -5 + 125?
120
In base 8, what is 147 + 6?
155
In base 11, what is -831 - -4?
-828
In base 8, what is -1 + 2177?
2176
In base 16, what is -98e + 3?
-98b
In base 9, what is 5 - 208?
-203
In base 12, what is 2377 + 1?
2378
In base 3, what is 12 + 1200?
1212
In base 3, what is 10 - 2002?
-1222
In base 7, what is 23 - -116?
142
In base 16, what is 1 + -8?
-7
In base 12, what is 3 + 13?
16
In base 7, what is 4 + 5241?
5245
In base 2, what is -101 + 11110001?
11101100
In base 14, what is 5 + -da?
-d5
In base 13, what is -77 + -136?
-1b0
In base 11, what is 0 + 3a9?
3a9
In base 15, what is -256 - -4?
-252
In base 6, what is 44231 - 5?
44222
In base 9, what is -4 + 182?
177
In base 3, what is -110221200 - -12?
-110221111
In base 13, what is -3 + b?
8
In base 4, what is -31 + 32?
1
In base 13, what is 21 + -1c?
2
In base 9, what is -7 + 677?
670
In base 16, what is 16 + -9?
d
In base 12, what is 36 - -1?
37
In base 10, what is 1 - 5430?
-5429
In base 6, what is 5 + -3220?
-3211
In base 6, what is 1125 + -2?
1123
In base 15, what is -56 - 75?
-cb
In base 3, what is 1210 - 2020?
-110
In base 14, what is 0 + 4a?
4a
In base 5, what is 0 - -32011?
32011
In base 14, what is -25 - -1?
-24
In base 5, what is 131 + 1142?
1323
In base 15, what is -4 - -4?
0
In base 15, what is -1 - 5?
-6
In base 10, what is 3 - -30?
33
In base 4, what is -1323 - -1002?
-321
In base 14, what is -28 + 0?
-28
In base 5, what is 0 - 12114?
-12114
In base 3, what is -10222 - 2?
-11001
In base 8, what is -47021 + 2?
-47017
In base 14, what is 4 - -290?
294
In base 15, what is 3 - -2a?
2d
In base 14, what is 30c8 - 4?
30c4
In base 6, what is 1331 - 1?
1330
In base 9, what is 18 + -1?
17
In base 4, what is -20 + 31?
11
In base 10, what is -4 - 277?
-281
In base 12, what is 1 + 325?
326
In base 5, what is 10130 + -3?
10122
In base 5, what is -242 + 3130?
2333
In base 13, what is 52 + 31a?
36c
In base 12, what is 5 + -1305?
-1300
In base 14, what is -5 - 120?
-125
In base 16, what is 5 + 1b?
20
In base 4, what is -3 + 2313?
2310
In base 7, what is -1153 - -4?
-1146
In base 8, what is -5 - 72?
-77
In base 6, what is -3 + -153?
-200
In base 3, what is -2200 + -120?
-10020
In base 7, what is 4 + 1544?
1551
In base 15, what is -86 - -17?
-6e
In base 9, what is -17852 - 0?
-17852
In base 8, what is -1414 + 2?
-1412
In base 12, what is 7 - 349?
-342
In base 5, what is -2 + 322?
320
In base 8, what is -3 - -7003?
7000
In base 2, what is 1 - 10000000?
-1111111
In base 16, what is -1 + 19?
18
In base 12, what is 7 + -168?
-161
In base 13, what is -2b3 - 1?
-2b4
In base 14, what is 33 + 1?
34
In base 7, what is 500 - 2?
465
In base 4, what is -13303 + -1?
-13310
In base 4, what is 23311 - -11?
23322
In base 4, what is -32313 + 3?
-32310
In base 6, what is 10155 + 5?
10204
In base 9, what is -281 - -5?
-275
In base 5, what is -4 - 3132?
-3141
In base 2, what is -1111101 - 110001?
-10101110
In base